e 9*u + 1313263 = 50*u + 181540. What is the units digit of u?
3
Let r(p) = -326*p + 96. Let z be r(-32). Suppose 23*y - 5733 = z. What is the tens digit of y?
0
Suppose -2*v = 5*k - 5997, -4*k = 4*v - 8372 - 3604. What is the tens digit of v?
9
Let g be 6*1*(2 + -3). Let k be g + 2 + 4 + 5. Suppose k*b = 5*j - 460, -3*j = -8*j - 2*b + 425. What is the units digit of j?
7
Let j be -2*(-2 - (-5)/(-10)). Let s be (-50)/125 - (-362)/j. Suppose -4*w + 84 = 2*b - 234, w = 2*b + s. What is the units digit of w?
8
Let l = -294 + 294. Suppose l = -2*i - 4*g + 270, 0 = i + i + g - 261. What is the tens digit of i?
2
Suppose 1159 + 10659 = 2*y - 1482. What is the tens digit of y?
5
Let i = 137 + 183. Suppose i = j - 7*w + 2*w, -2*j + 662 = w. What is the units digit of j?
0
Suppose 0 = -m + 4*i + 8186, 6*i - 6 = 8*i. What is the tens digit of m?
7
Let h(b) = 21*b + 79. Suppose -56 = 2*v - 10*v. What is the units digit of h(v)?
6
Let v = 174 - 171. Suppose 3*z - z + v*n = 446, -2*n = 4*z - 892. What is the tens digit of z?
2
Let n(w) = w**3 + 29*w**2 + 33*w + 808. What is the thousands digit of n(-21)?
3
Suppose -2*g + 6*g - 40 = 0. Let w(v) = 0 + 6 - g*v - 5 + v. What is the tens digit of w(-9)?
8
Let k(c) = 4*c - 22. Let g be (-1)/((-1)/26*2). Let u be k(g). What is the tens digit of (504/u)/(2/20*2)?
8
Let u(m) = -2*m + 21. Let i be u(16). Let w(n) = 5*n + 58. Let q be w(i). Let g = q + 181. What is the tens digit of g?
8
Suppose t = 3*v + 10, 4 = 4*v - 5*v + t. What is the units digit of 377 - (-7 - v - -6)?
5
Suppose -13*o + 14*o - 3*f = -36, 0 = 3*f - 15. Let w(t) = 3*t**2 + 27*t - 1. What is the units digit of w(o)?
5
Let b be (9 + -7)*(-1589)/14. Let m = b + 1442. What is the thousands digit of m?
1
Let m be 1155/(-75) - (-3)/(-5). Let x(r) be the third derivative of r**5/60 + 13*r**4/24 + 31*r**3/6 + 14*r**2. What is the units digit of x(m)?
9
Let s(k) = -106*k - 13. Let d(n) = -321*n - 40. Let j(o) = -4*d(o) + 11*s(o). What is the hundreds digit of j(6)?
7
Suppose -5*q + 4*v + 90693 = 0, -5*q + 5128 = -v - 85559. What is the tens digit of q?
3
Suppose -3*h - 12 = -5*h. Suppose 2*l + h = 18. Suppose 0 = -l*q + 4*q + 192. What is the tens digit of q?
9
Let n(q) = 4*q**2 + q + 34. Let w be n(-18). Suppose 0*h - 4*h = -w. What is the hundreds digit of h?
3
Let p(c) = c - 22. Let k be p(28). Let j be 89 + (-3)/(k/8). Let a = j - 84. What is the units digit of a?
1
Let b = -161 + 1344. What is the units digit of b?
3
Suppose 14*l + 149 - 14499 = 0. Suppose l = 5*j - 175. What is the units digit of j?
0
Suppose 0 = 22*o + 5370 - 15520 - 33894. What is the hundreds digit of o?
0
Let j be (-20)/15*6/4 + 7. Suppose -j*g + 0*l + 5*l = -1335, 0 = 2*g - 3*l - 537. Suppose -12*b = -4*b - g. What is the units digit of b?
3
Let y(f) = -f**3 - 13*f**2 + 9*f - 32. Let j be y(-22). Suppose 2*k = 4*r - j, 3*r - 8*k + 7*k - 3093 = 0. What is the units digit of r?
0
Suppose 6*j - 324 = 72. Suppose -5*y = -t - 819, 2*t - j = -y + 100. What is the tens digit of y?
6
Suppose -3*j + 89561 = -2*c, 0 = j - 7*c + 8*c - 29847. What is the units digit of j?
1
Suppose -3*u - d - 2 + 10 = 0, 5*d = 5*u. Suppose -u*p + 2*r + 0*r = -1224, r - 2423 = -4*p. What is the tens digit of p?
0
What is the ten thousands digit of (-19226*9/(-3))/(-10 + 11)?
5
Suppose -18*m - 192140 = -38*m. What is the hundreds digit of m?
6
Let q(p) = p**2 + 2*p + 37. Let z = -49 + 60. What is the tens digit of q(z)?
8
Suppose 0 = b - 4*m - m + 60, 0 = 5*b - m + 324. Let j = 68 + b. Suppose 3*t - t + 2*i = 404, 5*t - j*i = 1010. What is the units digit of t?
2
Suppose 3*m = 13449 + 246. Suppose -m = -5*n - 4*a, -2*n - 2*a = -0*n - 1828. What is the hundreds digit of n?
9
Let m(x) = 26*x**2 + 4. Let t(a) = -a**2 + 1. Let s(r) = m(r) - 3*t(r). Let n be s(-1). What is the tens digit of 44 + 30/25*n/9?
4
Suppose 286835 = 26*g + 89900 - 143353. What is the thousands digit of g?
3
Suppose -20215 = -108*d - 3043. What is the hundreds digit of d?
1
Let m(u) = -10*u**2 - 6*u + 11. Let r(p) = 19*p**2 + 13*p - 23. Let q(b) = -13*m(b) - 6*r(b). Let w be q(5). Let x = w + -237. What is the tens digit of x?
5
Let y(f) = 4*f - 28. Let r be y(7). Suppose b + 2*l - 113 = 0, 0 = l + 1 - r. Suppose -3*a = -475 + b. What is the tens digit of a?
2
Let m(y) = 3*y**2 + 11*y - 36. Let r be m(12). Let f = r - 286. What is the tens digit of f?
4
Suppose -3*j = -j + 10. Let s(c) be the second derivative of c**4/6 + 3*c**3/2 + 3*c**2 - 29*c. What is the tens digit of s(j)?
1
Let y(n) = -2*n**3 - 11*n**2 - 34*n - 20. Let s be y(-8). Suppose -s*b + 577*b - 2165 = 0. What is the hundreds digit of b?
4
Let p(y) = -y**3 - 17*y**2 + 36*y - 16. Let r = 207 - 227. What is the hundreds digit of p(r)?
4
Suppose 2*m - 54 = -3*a, 3*m - m - 5*a = 22. Suppose -17*k - 2552 = -m*k. What is the tens digit of k?
3
Let g = -57 + 4. Let m = g - -111. What is the tens digit of m?
5
Suppose -24*s + 110097 + 157352 = -104599. What is the thousands digit of s?
5
Let r(n) be the third derivative of -n**7/630 - 5*n**6/144 - n**5/15 + 29*n**2. Let m(i) be the third derivative of r(i). What is the tens digit of m(-8)?
3
Let h = 39 - 110. Let s = h + 73. What is the units digit of s/(-3)*177/(-6)*3?
9
Suppose 49 = -14*x + 133. What is the units digit of 110/(-4)*(x + (-2226)/35)?
4
Let v(f) = -3*f + 23. Let r be v(7). What is the hundreds digit of ((-70)/(-14) - (3 + r)) + 592?
5
Let k(v) = 64*v**3 + 11*v**2 + 8*v + 88. What is the units digit of k(9)?
7
Let y(p) = 5 + 16*p - p**3 - 10*p + 2*p. Let v be y(6). Let i = -37 - v. What is the hundreds digit of i?
1
Let h = 3509 + 29647. What is the hundreds digit of h?
1
What is the units digit of (1 - 24484/(-20))*(-35)/(-14)?
3
Let k(l) = -307*l**2 - 4*l + 18. Let g be k(2). Let t = g - -1766. What is the hundreds digit of t?
5
Let d(j) = 102*j**2 + 5*j - 34. What is the tens digit of d(3)?
9
Let i(z) = z**3 + 6*z**2 + 6*z + 2. Let f be i(-5). Let j(d) be the third derivative of -5*d**4/3 + 2*d**3 + 219*d**2. What is the units digit of j(f)?
2
Let a(p) = -37*p + 3. Let u(m) = 56*m + 2. Let g(k) = 1. Let v(t) = -12*g(t) + 2*u(t). Let s(h) = -14*a(h) - 5*v(h). What is the tens digit of s(-7)?
9
Suppose -5*u + 30127 = 4*k, 3*k + 12 = 21. What is the units digit of u?
3
Let z = 1311 - 458. Suppose 0 = 5*l - 5*k - 2515, -k - 2366 = -3*l - z. What is the units digit of l?
5
Let v be (30/18)/((-3)/(-18)). Suppose -5*p = -v, -t - p = p - 122. What is the units digit of t?
8
What is the ten thousands digit of 675644200/11400 + (-2)/57?
5
Let w = 36 + -33. Suppose 2*l + 5 = 4*x - w, 3*x - 12 = 3*l. Suppose x*z + 6 = -3*z, 5*h - 3*z - 481 = 0. What is the tens digit of h?
9
Suppose 4*r - 3*o - 210206 = 0, -6*r - 4*o + 297322 + 18038 = 0. What is the units digit of r?
6
Let h = 437 - 443. What is the thousands digit of ((-165)/(-110))/(h/(-4468))?
1
Suppose -51*w - 521 = -5825. What is the units digit of w?
4
Let r(k) = -7 - 3*k - 106 + k - 17*k. What is the units digit of r(-23)?
4
Suppose 3*t + 20664 = -3*t. Let d be (-4)/14 + t/(-49). Let a = d + -67. What is the units digit of a?
3
Let c(q) = -4097*q + 6941. What is the thousands digit of c(-9)?
3
Suppose 0 = 117*d - 114*d - 9. Suppose d*z = -5*w + z + 1265, -w - z = -253. What is the hundreds digit of w?
2
Let b be 6/2*((-6)/9 + 2). Let w be 0 + b/6*-1*3. What is the units digit of 1*(6 + w - 2)?
2
Let i(a) = 208*a + 4. Let g be i(-5). Let b be g/(-10) - (-8)/20. Let k = b - 61. What is the units digit of k?
3
Suppose -5496 = -3*a - 4*g + 1531, -3*a + 4*g = -6995. Let s = a + -1362. What is the hundreds digit of s?
9
Let c(l) = 3*l**2 - 24*l + 7. Let o = -4 + 12. Let k be c(o). Suppose 1 = 8*w - k. What is the units digit of w?
1
Let b(c) = 6*c**2 + c - 1. Let h be b(1). Let o be h/(3/1) + -3 + 259. Suppose -2*a + 4*x = -o + 72, -5*a + x = -447. What is the units digit of a?
9
Let a = 19 + -21. Let p(x) = 3*x**2 + 2*x + 1. Let w be p(a). What is the units digit of 326/w + (-2)/9?
6
What is the hundreds digit of (-456)/(-116) + -4 - 1365212/(-116)?
7
Suppose -31*f = -35*f - 4*z + 16, -f + z = 4. Suppose f = 4*g - 3*t - 1681, 1070 = 3*g - 5*t - 188. What is the tens digit of g?
2
Let v = 94905 + -43541. What is the thousands digit of v?
1
Let y be 2/(-3)*6 + 6. Suppos